{"id":208,"date":"2026-07-10T18:08:01","date_gmt":"2026-07-10T16:08:01","guid":{"rendered":"https:\/\/www.diocesi.rimini.it\/papaleonearimini\/?page_id=208"},"modified":"2026-07-17T17:26:30","modified_gmt":"2026-07-17T15:26:30","slug":"contatti","status":"publish","type":"page","link":"https:\/\/www.diocesi.rimini.it\/papaleonearimini\/contatti\/","title":{"rendered":"Contatti"},"content":{"rendered":"<p>Per facilitare le comunicazioni e fornire informazioni circa la visita di Papa Leone XIV prevista per sabato 22 agosto 2026, la Diocesi ha predisposto alcuni canali dedicati.<\/p>\n<p>Email: <a href=\"mailto:visitapapa@diocesi.rimini.it\">visitapapa@diocesi.rimini.it<\/a><br \/>\nTelefono: <a href=\"tel:+3905411835170\">0541 1835170<\/a><br \/>\nWhatsApp: <a href=\"https:\/\/wa.me\/393534134163\" target=\"_blank\" rel=\"noopener\">353 4134163<\/a><\/p>\n<p><strong>Canale Telegram<\/strong> (inquadra il QR Code)<\/p>\n<p><img loading=\"lazy\" decoding=\"async\" class=\"alignnone size-medium wp-image-222\" src=\"http:\/\/www.diocesi.rimini.it\/papaleonearimini\/wp-content\/uploads\/sites\/3\/2026\/07\/QRCode-telegram-250x300.png\" alt=\"\" width=\"250\" height=\"300\" srcset=\"https:\/\/www.diocesi.rimini.it\/papaleonearimini\/wp-content\/uploads\/sites\/3\/2026\/07\/QRCode-telegram-250x300.png 250w, https:\/\/www.diocesi.rimini.it\/papaleonearimini\/wp-content\/uploads\/sites\/3\/2026\/07\/QRCode-telegram.png 600w\" sizes=\"auto, (max-width: 250px) 100vw, 250px\" \/><\/p>\n<h3>Diocesi di Rimini<\/h3>\n<p>Via IV Novembre, 35 \u2013 47921 Rimini<\/p>\n<h4>Segreteria Diocesana<\/h4>\n<p>Orari di apertura al pubblico: dal luned\u00ec al venerd\u00ec 8.30-12.30 \u2013 luned\u00ec, mercoled\u00ec, venerd\u00ec 15-17.30<br \/>\nSig. <strong>Marco Baldelli<\/strong><\/p>\n","protected":false},"excerpt":{"rendered":"<p>Per facilitare le comunicazioni e fornire informazioni circa la visita di Papa Leone XIV prevista per sabato 22 agosto 2026, la Diocesi ha predisposto alcuni canali dedicati. Email: visitapapa@diocesi.rimini.it Telefono: 0541 1835170 WhatsApp: 353 4134163 Canale Telegram (inquadra il QR Code) Diocesi di Rimini Via IV Novembre, 35 \u2013 47921 Rimini Segreteria Diocesana Orari di [&hellip;]<\/p>\n","protected":false},"author":0,"featured_media":0,"parent":0,"menu_order":0,"comment_status":"closed","ping_status":"closed","template":"","meta":{"_acf_changed":false,"ip_address":"","user_agent":"","level":"","revision":"","cookie_id":"","page_referer":"","html_form":"","footnotes":""},"class_list":["post-208","page","type-page","status-publish","hentry"],"acf":{"seed-localization-paese-cod":"","seed-localization-address":"","seed-localization-citta":"","seed-localization-regione-cod-istat":"","seed-localization-citta-cod-istat":"","seed-localization-localita":"","seed-localization-cap":"","seed-localization-geo":{"lat":41.9053433,"lng":12.5113678,"zoom":10,"markers":[],"address":"","layers":["OpenStreetMap.Mapnik"],"version":"1.5.6"},"seed-localization-marker-visibility":false,"seed-localization-children-visibility":false,"seed-localization-kml":"","seed-localization-custom-marker":""},"yoast_head":"<!-- This site is optimized with the Yoast SEO plugin v22.3 - https:\/\/yoast.com\/wordpress\/plugins\/seo\/ -->\n<title>Contatti - Papa Leone a Rimini<\/title>\n<meta name=\"robots\" content=\"index, follow, max-snippet:-1, max-image-preview:large, max-video-preview:-1\" \/>\n<link rel=\"canonical\" href=\"https:\/\/www.diocesi.rimini.it\/papaleonearimini\/contatti\/\" \/>\n<meta property=\"og:locale\" content=\"it_IT\" \/>\n<meta property=\"og:type\" content=\"article\" \/>\n<meta property=\"og:title\" content=\"Contatti - Papa Leone a Rimini\" \/>\n<meta property=\"og:description\" content=\"Per facilitare le comunicazioni e fornire informazioni circa la visita di Papa Leone XIV prevista per sabato 22 agosto 2026, la Diocesi ha predisposto alcuni canali dedicati. Email: visitapapa@diocesi.rimini.it Telefono: 0541 1835170 WhatsApp: 353 4134163 Canale Telegram (inquadra il QR Code) Diocesi di Rimini Via IV Novembre, 35 \u2013 47921 Rimini Segreteria Diocesana Orari di [&hellip;]\" \/>\n<meta property=\"og:url\" content=\"https:\/\/www.diocesi.rimini.it\/papaleonearimini\/contatti\/\" \/>\n<meta property=\"og:site_name\" content=\"Papa Leone a Rimini\" \/>\n<meta property=\"article:modified_time\" content=\"2026-07-17T15:26:30+00:00\" \/>\n<meta property=\"og:image\" content=\"http:\/\/www.diocesi.rimini.it\/papaleonearimini\/wp-content\/uploads\/sites\/3\/2026\/07\/QRCode-telegram-250x300.png\" \/>\n<meta name=\"twitter:card\" content=\"summary_large_image\" \/>\n<meta name=\"twitter:label1\" content=\"Est. reading time\" \/>\n\t<meta name=\"twitter:data1\" content=\"1 minuto\" \/>\n<script type=\"application\/ld+json\" class=\"yoast-schema-graph\">{\"@context\":\"https:\/\/schema.org\",\"@graph\":[{\"@type\":\"WebPage\",\"@id\":\"https:\/\/www.diocesi.rimini.it\/papaleonearimini\/contatti\/\",\"url\":\"https:\/\/www.diocesi.rimini.it\/papaleonearimini\/contatti\/\",\"name\":\"Contatti - Papa Leone a Rimini\",\"isPartOf\":{\"@id\":\"https:\/\/www.diocesi.rimini.it\/papaleonearimini\/#website\"},\"primaryImageOfPage\":{\"@id\":\"https:\/\/www.diocesi.rimini.it\/papaleonearimini\/contatti\/#primaryimage\"},\"image\":{\"@id\":\"https:\/\/www.diocesi.rimini.it\/papaleonearimini\/contatti\/#primaryimage\"},\"thumbnailUrl\":\"http:\/\/www.diocesi.rimini.it\/papaleonearimini\/wp-content\/uploads\/sites\/3\/2026\/07\/QRCode-telegram-250x300.png\",\"datePublished\":\"2026-07-10T16:08:01+00:00\",\"dateModified\":\"2026-07-17T15:26:30+00:00\",\"breadcrumb\":{\"@id\":\"https:\/\/www.diocesi.rimini.it\/papaleonearimini\/contatti\/#breadcrumb\"},\"inLanguage\":\"it-IT\",\"potentialAction\":[{\"@type\":\"ReadAction\",\"target\":[\"https:\/\/www.diocesi.rimini.it\/papaleonearimini\/contatti\/\"]}]},{\"@type\":\"ImageObject\",\"inLanguage\":\"it-IT\",\"@id\":\"https:\/\/www.diocesi.rimini.it\/papaleonearimini\/contatti\/#primaryimage\",\"url\":\"https:\/\/www.diocesi.rimini.it\/papaleonearimini\/wp-content\/uploads\/sites\/3\/2026\/07\/QRCode-telegram.png\",\"contentUrl\":\"https:\/\/www.diocesi.rimini.it\/papaleonearimini\/wp-content\/uploads\/sites\/3\/2026\/07\/QRCode-telegram.png\",\"width\":600,\"height\":720},{\"@type\":\"BreadcrumbList\",\"@id\":\"https:\/\/www.diocesi.rimini.it\/papaleonearimini\/contatti\/#breadcrumb\",\"itemListElement\":[{\"@type\":\"ListItem\",\"position\":1,\"name\":\"Home\",\"item\":\"https:\/\/www.diocesi.rimini.it\/papaleonearimini\/\"},{\"@type\":\"ListItem\",\"position\":2,\"name\":\"Contatti\"}]},{\"@type\":\"WebSite\",\"@id\":\"https:\/\/www.diocesi.rimini.it\/papaleonearimini\/#website\",\"url\":\"https:\/\/www.diocesi.rimini.it\/papaleonearimini\/\",\"name\":\"Papa Leone a Rimini\",\"description\":\"\",\"publisher\":{\"@id\":\"https:\/\/www.diocesi.rimini.it\/papaleonearimini\/#organization\"},\"potentialAction\":[{\"@type\":\"SearchAction\",\"target\":{\"@type\":\"EntryPoint\",\"urlTemplate\":\"https:\/\/www.diocesi.rimini.it\/papaleonearimini\/?s={search_term_string}\"},\"query-input\":\"required name=search_term_string\"}],\"inLanguage\":\"it-IT\"},{\"@type\":\"Organization\",\"@id\":\"https:\/\/www.diocesi.rimini.it\/papaleonearimini\/#organization\",\"name\":\"Papa Leone a Rimini\",\"url\":\"https:\/\/www.diocesi.rimini.it\/papaleonearimini\/\",\"logo\":{\"@type\":\"ImageObject\",\"inLanguage\":\"it-IT\",\"@id\":\"https:\/\/www.diocesi.rimini.it\/papaleonearimini\/#\/schema\/logo\/image\/\",\"url\":\"https:\/\/www.diocesi.rimini.it\/papaleonearimini\/wp-content\/uploads\/sites\/3\/2026\/07\/logo-papaleonearimini.png\",\"contentUrl\":\"https:\/\/www.diocesi.rimini.it\/papaleonearimini\/wp-content\/uploads\/sites\/3\/2026\/07\/logo-papaleonearimini.png\",\"width\":314,\"height\":100,\"caption\":\"Papa Leone a Rimini\"},\"image\":{\"@id\":\"https:\/\/www.diocesi.rimini.it\/papaleonearimini\/#\/schema\/logo\/image\/\"}}]}<\/script>\n<!-- \/ Yoast SEO plugin. -->","yoast_head_json":{"title":"Contatti - Papa Leone a Rimini","robots":{"index":"index","follow":"follow","max-snippet":"max-snippet:-1","max-image-preview":"max-image-preview:large","max-video-preview":"max-video-preview:-1"},"canonical":"https:\/\/www.diocesi.rimini.it\/papaleonearimini\/contatti\/","og_locale":"it_IT","og_type":"article","og_title":"Contatti - Papa Leone a Rimini","og_description":"Per facilitare le comunicazioni e fornire informazioni circa la visita di Papa Leone XIV prevista per sabato 22 agosto 2026, la Diocesi ha predisposto alcuni canali dedicati. Email: visitapapa@diocesi.rimini.it Telefono: 0541 1835170 WhatsApp: 353 4134163 Canale Telegram (inquadra il QR Code) Diocesi di Rimini Via IV Novembre, 35 \u2013 47921 Rimini Segreteria Diocesana Orari di [&hellip;]","og_url":"https:\/\/www.diocesi.rimini.it\/papaleonearimini\/contatti\/","og_site_name":"Papa Leone a Rimini","article_modified_time":"2026-07-17T15:26:30+00:00","og_image":[{"url":"http:\/\/www.diocesi.rimini.it\/papaleonearimini\/wp-content\/uploads\/sites\/3\/2026\/07\/QRCode-telegram-250x300.png"}],"twitter_card":"summary_large_image","twitter_misc":{"Est. reading time":"1 minuto"},"schema":{"@context":"https:\/\/schema.org","@graph":[{"@type":"WebPage","@id":"https:\/\/www.diocesi.rimini.it\/papaleonearimini\/contatti\/","url":"https:\/\/www.diocesi.rimini.it\/papaleonearimini\/contatti\/","name":"Contatti - Papa Leone a Rimini","isPartOf":{"@id":"https:\/\/www.diocesi.rimini.it\/papaleonearimini\/#website"},"primaryImageOfPage":{"@id":"https:\/\/www.diocesi.rimini.it\/papaleonearimini\/contatti\/#primaryimage"},"image":{"@id":"https:\/\/www.diocesi.rimini.it\/papaleonearimini\/contatti\/#primaryimage"},"thumbnailUrl":"http:\/\/www.diocesi.rimini.it\/papaleonearimini\/wp-content\/uploads\/sites\/3\/2026\/07\/QRCode-telegram-250x300.png","datePublished":"2026-07-10T16:08:01+00:00","dateModified":"2026-07-17T15:26:30+00:00","breadcrumb":{"@id":"https:\/\/www.diocesi.rimini.it\/papaleonearimini\/contatti\/#breadcrumb"},"inLanguage":"it-IT","potentialAction":[{"@type":"ReadAction","target":["https:\/\/www.diocesi.rimini.it\/papaleonearimini\/contatti\/"]}]},{"@type":"ImageObject","inLanguage":"it-IT","@id":"https:\/\/www.diocesi.rimini.it\/papaleonearimini\/contatti\/#primaryimage","url":"https:\/\/www.diocesi.rimini.it\/papaleonearimini\/wp-content\/uploads\/sites\/3\/2026\/07\/QRCode-telegram.png","contentUrl":"https:\/\/www.diocesi.rimini.it\/papaleonearimini\/wp-content\/uploads\/sites\/3\/2026\/07\/QRCode-telegram.png","width":600,"height":720},{"@type":"BreadcrumbList","@id":"https:\/\/www.diocesi.rimini.it\/papaleonearimini\/contatti\/#breadcrumb","itemListElement":[{"@type":"ListItem","position":1,"name":"Home","item":"https:\/\/www.diocesi.rimini.it\/papaleonearimini\/"},{"@type":"ListItem","position":2,"name":"Contatti"}]},{"@type":"WebSite","@id":"https:\/\/www.diocesi.rimini.it\/papaleonearimini\/#website","url":"https:\/\/www.diocesi.rimini.it\/papaleonearimini\/","name":"Papa Leone a Rimini","description":"","publisher":{"@id":"https:\/\/www.diocesi.rimini.it\/papaleonearimini\/#organization"},"potentialAction":[{"@type":"SearchAction","target":{"@type":"EntryPoint","urlTemplate":"https:\/\/www.diocesi.rimini.it\/papaleonearimini\/?s={search_term_string}"},"query-input":"required name=search_term_string"}],"inLanguage":"it-IT"},{"@type":"Organization","@id":"https:\/\/www.diocesi.rimini.it\/papaleonearimini\/#organization","name":"Papa Leone a Rimini","url":"https:\/\/www.diocesi.rimini.it\/papaleonearimini\/","logo":{"@type":"ImageObject","inLanguage":"it-IT","@id":"https:\/\/www.diocesi.rimini.it\/papaleonearimini\/#\/schema\/logo\/image\/","url":"https:\/\/www.diocesi.rimini.it\/papaleonearimini\/wp-content\/uploads\/sites\/3\/2026\/07\/logo-papaleonearimini.png","contentUrl":"https:\/\/www.diocesi.rimini.it\/papaleonearimini\/wp-content\/uploads\/sites\/3\/2026\/07\/logo-papaleonearimini.png","width":314,"height":100,"caption":"Papa Leone a Rimini"},"image":{"@id":"https:\/\/www.diocesi.rimini.it\/papaleonearimini\/#\/schema\/logo\/image\/"}}]}},"_links":{"self":[{"href":"https:\/\/www.diocesi.rimini.it\/papaleonearimini\/wp-json\/wp\/v2\/pages\/208","targetHints":{"allow":["GET"]}}],"collection":[{"href":"https:\/\/www.diocesi.rimini.it\/papaleonearimini\/wp-json\/wp\/v2\/pages"}],"about":[{"href":"https:\/\/www.diocesi.rimini.it\/papaleonearimini\/wp-json\/wp\/v2\/types\/page"}],"author":[{"embeddable":true,"href":"https:\/\/www.diocesi.rimini.it\/papaleonearimini\/wp-json\/wp\/v2\/users\/9"}],"replies":[{"embeddable":true,"href":"https:\/\/www.diocesi.rimini.it\/papaleonearimini\/wp-json\/wp\/v2\/comments?post=208"}],"version-history":[{"count":6,"href":"https:\/\/www.diocesi.rimini.it\/papaleonearimini\/wp-json\/wp\/v2\/pages\/208\/revisions"}],"predecessor-version":[{"id":224,"href":"https:\/\/www.diocesi.rimini.it\/papaleonearimini\/wp-json\/wp\/v2\/pages\/208\/revisions\/224"}],"wp:attachment":[{"href":"https:\/\/www.diocesi.rimini.it\/papaleonearimini\/wp-json\/wp\/v2\/media?parent=208"}],"curies":[{"name":"wp","href":"https:\/\/api.w.org\/{rel}","templated":true}]}}

<p>Per facilitare le comunicazioni e fornire informazioni circa la visita di Papa Leone XIV prevista per sabato 22 agosto 2026, la Diocesi ha predisposto alcuni canali dedicati.</p>
<p>Email: <a href="mailto:visitapapa@diocesi.rimini.it">visitapapa@diocesi.rimini.it</a><br />
Telefono: <a href="tel:+3905411835170">0541 1835170</a><br />
WhatsApp: <a href="https://wa.me/393534134163" target="_blank" rel="noopener">353 4134163</a></p>
<p><strong>Canale Telegram</strong> (inquadra il QR Code)</p>
<p><img loading="lazy" decoding="async" class="alignnone size-medium wp-image-222" src="http://www.diocesi.rimini.it/papaleonearimini/wp-content/uploads/sites/3/2026/07/QRCode-telegram-250x300.png" alt="" width="250" height="300" srcset="https://www.diocesi.rimini.it/papaleonearimini/wp-content/uploads/sites/3/2026/07/QRCode-telegram-250x300.png 250w, https://www.diocesi.rimini.it/papaleonearimini/wp-content/uploads/sites/3/2026/07/QRCode-telegram.png 600w" sizes="auto, (max-width: 250px) 100vw, 250px" /></p>
<h3>Diocesi di Rimini</h3>
<p>Via IV Novembre, 35 – 47921 Rimini</p>
<h4>Segreteria Diocesana</h4>
<p>Orari di apertura al pubblico: dal lunedì al venerdì 8.30-12.30 – lunedì, mercoledì, venerdì 15-17.30<br />
Sig. <strong>Marco Baldelli</strong></p>
